{"id":13,"date":"2022-12-02T11:49:41","date_gmt":"2022-12-02T10:49:41","guid":{"rendered":"https:\/\/knihovna.praha19.cz\/?page_id=13"},"modified":"2024-03-21T01:21:32","modified_gmt":"2024-03-20T23:21:32","slug":"o-knihovne","status":"publish","type":"page","link":"https:\/\/knihovna.praha19.cz\/?page_id=13","title":{"rendered":"O knihovn\u011b"},"content":{"rendered":"\n<div style=\"height:25px\" aria-hidden=\"true\" class=\"wp-block-spacer\"><\/div>\n\n\n\n<p class=\"has-black-color has-text-color has-medium-font-size\"><strong>Kbelsk\u00e1 knihovna<\/strong> V\u00e1m nab\u00edz\u00ed nejen <a href=\"https:\/\/knihovna.praha19.cz\/sluzby\/\"><strong>rozmanit\u00e9 slu\u017eby<\/strong><\/a>, ale tak\u00e9 p\u0159\u00edjemn\u00e9 prost\u0159ed\u00ed pro V\u00e1\u0161 voln\u00fd \u010das:<\/p>\n\n\n\n<ul class=\"has-black-color has-text-color has-medium-font-size wp-block-list\">\n<li>Nav\u0161tivte akce, kter\u00e9 pro V\u00e1s p\u0159ipravujeme.<\/li>\n\n\n\n<li>Napl\u00e1nujte si setk\u00e1n\u00ed s p\u0159\u00e1teli a zn\u00e1m\u00fdmi.<\/li>\n\n\n\n<li>Z na\u0161eho fondu si ur\u010dit\u011b vyberete. Najdete zde v\u0161e od \u010dasopis\u016f, dom\u00e1c\u00ed i zahrani\u010dn\u00ed beletrie p\u0159es d\u011btskou literaturu, sci-fi a fantasy, hobby publikace, turistick\u00e9 pr\u016fvodce a popul\u00e1rn\u011b nau\u010dnou literaturu.<\/li>\n\n\n\n<li>Nab\u00edz\u00edme i celou \u0159adu audioknih.<\/li>\n\n\n\n<li class=\"has-medium-font-size\">Samoz\u0159ejm\u011b se m\u016f\u017eete p\u0159ipojit k internetu.<\/li>\n<\/ul>\n\n\n<style>\n.childpagescard_img_blockc51ce410c124a10e0db5e4b97fc2af39 {\n  float: right;\n  padding: 10px;\n}\n.childpagescard_borderc51ce410c124a10e0db5e4b97fc2af39 {\n  border-left: solid 5px #7db4e6;\n  padding: 0.25em 0.25em;\n  color: #494949;\n  background: transparent;\n}\n.childpagescard_titlec51ce410c124a10e0db5e4b97fc2af39 {\n  line-height: 120%;\n  font-weight: bold;\n  display: block;\n}\n.childpagescard_descriptionc51ce410c124a10e0db5e4b97fc2af39 {\n  line-height: 120%;\n  color: #333;\n}\n<\/style>\n<div class=\"childpagescard_wrap\">\n\t<a style=\"text-decoration: none;\" href=\"https:\/\/knihovna.praha19.cz\/?page_id=17\">\n\t\t\t<figure class=\"childpagescard_img_blockc51ce410c124a10e0db5e4b97fc2af39\">\n\t\t\t<img decoding=\"async\" style=\"border-radius: 5px; width: 133px; height: 133px;\" src=\"https:\/\/knihovna.praha19.cz\/wp-content\/uploads\/2023\/01\/knihovnirad-150x150.jpg\" alt=\"Knihovn\u00ed \u0159\u00e1d - knihovna.praha19.cz\" \/>\n\t\t<\/figure>\n\t\t<div class=\"childpagescard_inner\">\n\t\t<div class=\"childpagescard_borderc51ce410c124a10e0db5e4b97fc2af39\">\n\t\t\t<div class=\"childpagescard_titlec51ce410c124a10e0db5e4b97fc2af39\">\n\t\t\t\tKnihovn\u00ed \u0159\u00e1d &#8211; knihovna.praha19.cz\t\t\t<\/div>\n\t\t\t\t\t\t\t<div class=\"childpagescard_descriptionc51ce410c124a10e0db5e4b97fc2af39\">\n\t\t\t\t\tKnihovn\u00ed \u0159\u00e1d M\u00edstn\u00ed knihovny ve Kbel\u00edch je z\u00e1kladn\u00edm dokumentem, kter\u00fd upravuje vztahy mezi knihovnou a jej\u00edmi u\u017eivateli. Popisuje pr\u00e1va a povinnosti registrovan\u00e9ho \u010dten\u00e1\u0159e a pr\u00e1va a povinnosti knihovny vypl\u00fdvaj\u00edc\u00ed ze vz\u00e1jemn\u00e9ho pr\u00e1vn\u00edho vztahu stvrzen\u00e9ho podpisem p\u0159ihl\u00e1\u0161ky.\n&#8230;\t\t\t\t<\/div>\n\t\t\t\t\t<\/div>\n\t<\/div>\n\t<div style=\"clear: both;\"><\/div>\n\t<\/a>\n<\/div>\n<div class=\"childpagescard_wrap\">\n\t<a style=\"text-decoration: none;\" href=\"https:\/\/knihovna.praha19.cz\/?page_id=15\">\n\t\t\t<figure class=\"childpagescard_img_blockc51ce410c124a10e0db5e4b97fc2af39\">\n\t\t\t<img decoding=\"async\" style=\"border-radius: 5px; width: 133px; height: 133px;\" src=\"https:\/\/knihovna.praha19.cz\/wp-content\/uploads\/2023\/02\/cenik-150x150.jpg\" alt=\"Cen\u00edk - knihovna.praha19.cz\" \/>\n\t\t<\/figure>\n\t\t<div class=\"childpagescard_inner\">\n\t\t<div class=\"childpagescard_borderc51ce410c124a10e0db5e4b97fc2af39\">\n\t\t\t<div class=\"childpagescard_titlec51ce410c124a10e0db5e4b97fc2af39\">\n\t\t\t\tCen\u00edk &#8211; knihovna.praha19.cz\t\t\t<\/div>\n\t\t\t\t\t\t\t<div class=\"childpagescard_descriptionc51ce410c124a10e0db5e4b97fc2af39\">\n\t\t\t\t\tCen\u00edk slu\u017eeb je p\u0159\u00edlohou&nbsp;Knihovn\u00edho \u0159\u00e1du. Jednotliv\u00e9 \u010dl\u00e1nky a \u00fadaje v&nbsp;z\u00e1vork\u00e1ch odpov\u00eddaj\u00ed \u00fadaj\u016fm v&nbsp;knihovn\u00edm \u0159\u00e1du samotn\u00e9m.\n\n\n\nV\u0161echny platby lze uhradit hotov\u011b, kartou (pouze \u010d\u00e1stky vy\u0161\u0161\u00ed ne\u017e 50,- K\u010d) nebo p\u0159evodem, \u010d. \u00fa\u010dtu: 19-2000932309\/0800. Jako var. symb&#8230;\t\t\t\t<\/div>\n\t\t\t\t\t<\/div>\n\t<\/div>\n\t<div style=\"clear: both;\"><\/div>\n\t<\/a>\n<\/div>\n<div class=\"childpagescard_wrap\">\n\t<a style=\"text-decoration: none;\" href=\"https:\/\/knihovna.praha19.cz\/?page_id=19\">\n\t\t\t<figure class=\"childpagescard_img_blockc51ce410c124a10e0db5e4b97fc2af39\">\n\t\t\t<img decoding=\"async\" style=\"border-radius: 5px; width: 133px; height: 133px;\" src=\"https:\/\/knihovna.praha19.cz\/wp-content\/uploads\/2023\/02\/dokumenty-150x150.jpg\" alt=\"Dokumenty - knihovna.praha19.cz\" \/>\n\t\t<\/figure>\n\t\t<div class=\"childpagescard_inner\">\n\t\t<div class=\"childpagescard_borderc51ce410c124a10e0db5e4b97fc2af39\">\n\t\t\t<div class=\"childpagescard_titlec51ce410c124a10e0db5e4b97fc2af39\">\n\t\t\t\tDokumenty &#8211; knihovna.praha19.cz\t\t\t<\/div>\n\t\t\t\t\t\t\t<div class=\"childpagescard_descriptionc51ce410c124a10e0db5e4b97fc2af39\">\n\t\t\t\t\tRegistra\u010dn\u00ed formul\u00e1\u0159 v PDF ke sta\u017een\u00ed:\n\n\n\nD\u011bti\n\n\n\nDosp\u011bl\u00ed\n\n\n\n\n\n\n\nKnihovn\u00ed \u0159\u00e1d schv\u00e1len\u00fd usnesen\u00edm Rady M\u010c Praha 19 \u010d.447\/23\/Knihovna na sv\u00e9m 37. zased\u00e1n\u00ed dne 14.11.2023\n\n\n\nSt\u00e1hn\u011bte si knihovn\u00ed \u0159\u00e1d v\u00a0PDF\u00a0[PDF, 599\u00a0kB]\n\n\n\n\n\n\n\nCen\u00edk slu\u017eeb&#8230;\t\t\t\t<\/div>\n\t\t\t\t\t<\/div>\n\t<\/div>\n\t<div style=\"clear: both;\"><\/div>\n\t<\/a>\n<\/div>\n<div class=\"childpagescard_wrap\">\n\t<a style=\"text-decoration: none;\" href=\"https:\/\/knihovna.praha19.cz\/?page_id=525\">\n\t\t\t<figure class=\"childpagescard_img_blockc51ce410c124a10e0db5e4b97fc2af39\">\n\t\t\t<img decoding=\"async\" style=\"border-radius: 5px; width: 133px; height: 133px;\" src=\"https:\/\/knihovna.praha19.cz\/wp-content\/uploads\/2023\/05\/phoca_thumb_l_1980_uradkaple-150x150.jpg\" alt=\"Z historie knihovny - knihovna.praha19.cz\" \/>\n\t\t<\/figure>\n\t\t<div class=\"childpagescard_inner\">\n\t\t<div class=\"childpagescard_borderc51ce410c124a10e0db5e4b97fc2af39\">\n\t\t\t<div class=\"childpagescard_titlec51ce410c124a10e0db5e4b97fc2af39\">\n\t\t\t\tZ historie knihovny &#8211; knihovna.praha19.cz\t\t\t<\/div>\n\t\t\t\t\t\t\t<div class=\"childpagescard_descriptionc51ce410c124a10e0db5e4b97fc2af39\">\n\t\t\t\t\tPo\u010d\u00e1tky knihoven lze vysledovat u\u017e ve starov\u011bku. Za prvn\u00ed knihovny lze pova\u017eovat arch\u00edvy, \u00falo\u017ei\u0161t\u011b tehdej\u0161\u00edch p\u00edsemnost\u00ed. Nejstar\u0161\u00ed n\u00e1lezy jsou z oblast\u00ed chr\u00e1m\u016f ve star\u00e9m Sumeru, kde byly ulo\u017eeny hlin\u011bn\u00e9 desti\u010dky s kl\u00ednov\u00fdm p\u00edsmem. Mezi nejzn\u00e1m\u011bj\u0161\u00ed starov\u011bk\u00e9 knihovny pat\u0159\u00ed kn&#8230;\t\t\t\t<\/div>\n\t\t\t\t\t<\/div>\n\t<\/div>\n\t<div style=\"clear: both;\"><\/div>\n\t<\/a>\n<\/div>\n\n\n\n<hr class=\"wp-block-separator has-alpha-channel-opacity\"\/>\n\n\n\n<pre class=\"wp-block-verse has-black-color has-text-color has-medium-font-size\">\u201eIde\u00e1ln\u00ed\u201c knihovna se star\u00e1 o lidi. Je prov\u00e1zan\u00e1 s \u017eivotem v dan\u00e9 obci tak, \u017ee se pro n\u011bj st\u00e1v\u00e1 nepostradatelnou. \u201eIde\u00e1ln\u00ed\u201c knihovna je takov\u00e1 knihovna, kter\u00e9 si lid\u00e9 ani po\u0159\u00e1dn\u011b nev\u0161imnou, proto\u017ee je po\u0159\u00e1d na sv\u00e9m m\u00edst\u011b a v\u017edycky m\u00e1 to, co pot\u0159ebuj\u00ed.\n<strong>(Z knihy \u201eDewey - Kocour z knihovny, kter\u00fd okouzlil cel\u00fd sv\u011bt\u201c od Vicki Myron)<\/strong><\/pre>\n\n\n\n<div style=\"height:25px\" aria-hidden=\"true\" class=\"wp-block-spacer\"><\/div>\n\n\n\n<iframe src=\"https:\/\/www.google.com\/maps\/embed?pb=!1m18!1m12!1m3!1d2557.4607569046548!2d14.544658176912993!3d50.13381177153342!2m3!1f0!2f0!3f0!3m2!1i1024!2i768!4f13.1!3m3!1m2!1s0x470bed017a080ee3%3A0x4142842e61daf107!2sSemilsk%C3%A1%2C%20197%2000%20Praha%2019!5e0!3m2!1scs!2scz!4v1681913026683!5m2!1scs!2scz\" width=\"600\" height=\"450\" style=\"border:0;\" allowfullscreen=\"\" loading=\"lazy\" referrerpolicy=\"no-referrer-when-downgrade\"><\/iframe>\n","protected":false},"excerpt":{"rendered":"<p>Kbelsk\u00e1 knihovna V\u00e1m nab\u00edz\u00ed nejen rozmanit\u00e9 slu\u017eby, ale tak\u00e9 p\u0159\u00edjemn\u00e9 prost\u0159ed\u00ed pro V\u00e1\u0161 voln\u00fd \u010das: \u201eIde\u00e1ln\u00ed\u201c knihovna se star\u00e1 o lidi. Je prov\u00e1zan\u00e1 s \u017eivotem v dan\u00e9 obci tak, \u017ee se pro n\u011bj st\u00e1v\u00e1 nepostradatelnou. \u201eIde\u00e1ln\u00ed\u201c knihovna je takov\u00e1 knihovna, kter\u00e9 si lid\u00e9 ani po\u0159\u00e1dn\u011b nev\u0161imnou, proto\u017ee je po\u0159\u00e1d na sv\u00e9m m\u00edst\u011b a v\u017edycky m\u00e1 [&hellip;]<\/p>\n","protected":false},"author":1,"featured_media":537,"parent":0,"menu_order":0,"comment_status":"closed","ping_status":"closed","template":"","meta":{"_monsterinsights_skip_tracking":false,"_monsterinsights_sitenote_active":false,"_monsterinsights_sitenote_note":"","_monsterinsights_sitenote_category":0,"footnotes":""},"class_list":["post-13","page","type-page","status-publish","has-post-thumbnail","hentry"],"_links":{"self":[{"href":"https:\/\/knihovna.praha19.cz\/index.php?rest_route=\/wp\/v2\/pages\/13","targetHints":{"allow":["GET"]}}],"collection":[{"href":"https:\/\/knihovna.praha19.cz\/index.php?rest_route=\/wp\/v2\/pages"}],"about":[{"href":"https:\/\/knihovna.praha19.cz\/index.php?rest_route=\/wp\/v2\/types\/page"}],"author":[{"embeddable":true,"href":"https:\/\/knihovna.praha19.cz\/index.php?rest_route=\/wp\/v2\/users\/1"}],"replies":[{"embeddable":true,"href":"https:\/\/knihovna.praha19.cz\/index.php?rest_route=%2Fwp%2Fv2%2Fcomments&post=13"}],"version-history":[{"count":34,"href":"https:\/\/knihovna.praha19.cz\/index.php?rest_route=\/wp\/v2\/pages\/13\/revisions"}],"predecessor-version":[{"id":1024,"href":"https:\/\/knihovna.praha19.cz\/index.php?rest_route=\/wp\/v2\/pages\/13\/revisions\/1024"}],"wp:featuredmedia":[{"embeddable":true,"href":"https:\/\/knihovna.praha19.cz\/index.php?rest_route=\/wp\/v2\/media\/537"}],"wp:attachment":[{"href":"https:\/\/knihovna.praha19.cz\/index.php?rest_route=%2Fwp%2Fv2%2Fmedia&parent=13"}],"curies":[{"name":"wp","href":"https:\/\/api.w.org\/{rel}","templated":true}]}}