{"id":2,"date":"2022-07-26T11:58:29","date_gmt":"2022-07-26T10:58:29","guid":{"rendered":"http:\/\/localhost\/wordpress\/?page_id=2"},"modified":"2025-04-01T11:54:47","modified_gmt":"2025-04-01T09:54:47","slug":"foto-z-knihovny","status":"publish","type":"page","link":"https:\/\/knihovna.praha19.cz\/?page_id=2","title":{"rendered":"Foto z knihovny"},"content":{"rendered":"\n<hr class=\"wp-block-separator has-alpha-channel-opacity is-style-wide\"\/>\n\n\n<style>\n.childpagescard_img_blockc81e728d9d4c2f636f067f89cc14862c {\n  float: right;\n  padding: 10px;\n}\n.childpagescard_borderc81e728d9d4c2f636f067f89cc14862c {\n  border-left: solid 5px #7db4e6;\n  padding: 0.25em 0.25em;\n  color: #494949;\n  background: transparent;\n}\n.childpagescard_titlec81e728d9d4c2f636f067f89cc14862c {\n  line-height: 120%;\n  font-weight: bold;\n  display: block;\n}\n.childpagescard_descriptionc81e728d9d4c2f636f067f89cc14862c {\n  line-height: 120%;\n  color: #333;\n}\n<\/style>\n<div class=\"childpagescard_wrap\">\n\t<a style=\"text-decoration: none;\" href=\"https:\/\/knihovna.praha19.cz\/?page_id=1273\">\n\t\t\t<figure class=\"childpagescard_img_blockc81e728d9d4c2f636f067f89cc14862c\">\n\t\t\t<img decoding=\"async\" style=\"border-radius: 5px; width: 99px; height: 133px;\" src=\"https:\/\/knihovna.praha19.cz\/wp-content\/uploads\/IMGP8546.jpg\" alt=\"Kouzeln\u00fd den \u2013 Noc s\u00a0Andersenem 2025! - knihovna.praha19.cz\" \/>\n\t\t<\/figure>\n\t\t<div class=\"childpagescard_inner\">\n\t\t<div class=\"childpagescard_borderc81e728d9d4c2f636f067f89cc14862c\">\n\t\t\t<div class=\"childpagescard_titlec81e728d9d4c2f636f067f89cc14862c\">\n\t\t\t\tKouzeln\u00fd den \u2013 Noc s\u00a0Andersenem 2025! &#8211; knihovna.praha19.cz\t\t\t<\/div>\n\t\t\t\t\t\t\t<div class=\"childpagescard_descriptionc81e728d9d4c2f636f067f89cc14862c\">\n\t\t\t\t\tV p\u00e1tek 28. 3. 2025 se br\u00e1ny kbelsk\u00e9 z\u00e1kladn\u00ed a mate\u0159sk\u00e9 \u0161koly prom\u011bnily v kouzeln\u00fd poh\u00e1dkov\u00fd sv\u011bt, kdy t\u00e9m\u011b\u0159 140 d\u011bt\u00ed s nap\u011bt\u00edm o\u010dek\u00e1valo, co jim p\u0159inese leto\u0161n\u00ed, ji\u017e 25. ro\u010dn\u00edk akce \u2013 Noc s Andersenem.D\u011bti se mohly t\u011b\u0161it na bohat\u00fd program pln\u00fd liter\u00e1rn\u00edch z\u00e1\u017eitk\u016f a z\u00e1bavn\u00fdc&#8230;\t\t\t\t<\/div>\n\t\t\t\t\t<\/div>\n\t<\/div>\n\t<div style=\"clear: both;\"><\/div>\n\t<\/a>\n<\/div>\n<div class=\"childpagescard_wrap\">\n\t<a style=\"text-decoration: none;\" href=\"https:\/\/knihovna.praha19.cz\/?page_id=350\">\n\t\t\t<figure class=\"childpagescard_img_blockc81e728d9d4c2f636f067f89cc14862c\">\n\t\t\t<img decoding=\"async\" style=\"border-radius: 5px; width: 99px; height: 99px;\" src=\"https:\/\/knihovna.praha19.cz\/wp-content\/uploads\/2023\/01\/326036995_893406621978657_6584244373281042475_n-150x150.jpg\" alt=\"Cestopisn\u00e1 beseda s panem Ivanem St\u00e1rkem \u2013 \u201eOd p\u00f3lu k rovn\u00edku\u2026.\u201c - knihovna.praha19.cz\" \/>\n\t\t<\/figure>\n\t\t<div class=\"childpagescard_inner\">\n\t\t<div class=\"childpagescard_borderc81e728d9d4c2f636f067f89cc14862c\">\n\t\t\t<div class=\"childpagescard_titlec81e728d9d4c2f636f067f89cc14862c\">\n\t\t\t\tCestopisn\u00e1 beseda s panem Ivanem St\u00e1rkem \u2013 \u201eOd p\u00f3lu k rovn\u00edku\u2026.\u201c &#8211; knihovna.praha19.cz\t\t\t<\/div>\n\t\t\t\t\t\t\t<div class=\"childpagescard_descriptionc81e728d9d4c2f636f067f89cc14862c\">\n\t\t\t\t\tSt\u0159eda 18. 1. 2023\n\n\n\n\nNev\u0161edn\u00ed vypr\u00e1v\u011bn\u00ed Ivana St\u00e1rka z jeho cest do netradi\u010dn\u00edch kout\u016f na\u0161\u00ed planety bylo v knihovn\u011b p\u0159ipraveno na st\u0159edu 18. 1. 2023. \u00da\u010dastn\u00edk\u016fm besedy se naskytla v\u00fdjime\u010dn\u00e1 p\u0159\u00edle\u017eitost nechat se, prost\u0159ednictv\u00edm kr\u00e1sn\u00fdch fotografi\u00ed a poutav\u00e9ho vypr\u00e1v\u011bn\u00ed, ne&#8230;\t\t\t\t<\/div>\n\t\t\t\t\t<\/div>\n\t<\/div>\n\t<div style=\"clear: both;\"><\/div>\n\t<\/a>\n<\/div>\n<div class=\"childpagescard_wrap\">\n\t<a style=\"text-decoration: none;\" href=\"https:\/\/knihovna.praha19.cz\/?page_id=352\">\n\t\t\t<figure class=\"childpagescard_img_blockc81e728d9d4c2f636f067f89cc14862c\">\n\t\t\t<img decoding=\"async\" style=\"border-radius: 5px; width: 99px; height: 99px;\" src=\"https:\/\/knihovna.praha19.cz\/wp-content\/uploads\/2023\/03\/2023_03_15_Kbely_14-scaled-100x100.jpg\" alt=\"T\u00fdden uv\u011bdom\u011bn\u00ed si mozku - knihovna.praha19.cz\" \/>\n\t\t<\/figure>\n\t\t<div class=\"childpagescard_inner\">\n\t\t<div class=\"childpagescard_borderc81e728d9d4c2f636f067f89cc14862c\">\n\t\t\t<div class=\"childpagescard_titlec81e728d9d4c2f636f067f89cc14862c\">\n\t\t\t\tT\u00fdden uv\u011bdom\u011bn\u00ed si mozku &#8211; knihovna.praha19.cz\t\t\t<\/div>\n\t\t\t\t\t\t\t<div class=\"childpagescard_descriptionc81e728d9d4c2f636f067f89cc14862c\">\n\t\t\t\t\tSt\u0159eda 15. 3. 2023\n\n\n\n\nV r\u00e1mci celosv\u011btov\u00e9 akce \u201eT\u00fdden uv\u011bdom\u011bn\u00ed si mozku\u201c a N\u00e1rodn\u00edho t\u00fddne tr\u00e9nov\u00e1n\u00ed pam\u011bti uspo\u0159\u00e1dala kbelsk\u00e1 knihovna p\u0159edn\u00e1\u0161ku pro ve\u0159ejnost, na kter\u00e9 jej\u00ed \u00fa\u010dastn\u00edci m\u011bli mo\u017enost dozv\u011bd\u011bt se v\u00edce o praktick\u00fdch technik\u00e1ch tr\u00e9nov\u00e1n\u00ed pam\u011bti. Pod veden\u00edm odbo&#8230;\t\t\t\t<\/div>\n\t\t\t\t\t<\/div>\n\t<\/div>\n\t<div style=\"clear: both;\"><\/div>\n\t<\/a>\n<\/div>\n<div class=\"childpagescard_wrap\">\n\t<a style=\"text-decoration: none;\" href=\"https:\/\/knihovna.praha19.cz\/?page_id=354\">\n\t\t\t<figure class=\"childpagescard_img_blockc81e728d9d4c2f636f067f89cc14862c\">\n\t\t\t<img decoding=\"async\" style=\"border-radius: 5px; width: 99px; height: 99px;\" src=\"https:\/\/knihovna.praha19.cz\/wp-content\/uploads\/2023\/04\/2023_03_29_Kbely_2-100x100.jpg\" alt=\"VERNIS\u00c1\u017d 4. RO\u010cN\u00cdKU SOUT\u011a\u017dE AMAT\u00c9RSK\u00ddCH FOTOGRAF\u016e - knihovna.praha19.cz\" \/>\n\t\t<\/figure>\n\t\t<div class=\"childpagescard_inner\">\n\t\t<div class=\"childpagescard_borderc81e728d9d4c2f636f067f89cc14862c\">\n\t\t\t<div class=\"childpagescard_titlec81e728d9d4c2f636f067f89cc14862c\">\n\t\t\t\tVERNIS\u00c1\u017d 4. RO\u010cN\u00cdKU SOUT\u011a\u017dE AMAT\u00c9RSK\u00ddCH FOTOGRAF\u016e &#8211; knihovna.praha19.cz\t\t\t<\/div>\n\t\t\t\t\t\t\t<div class=\"childpagescard_descriptionc81e728d9d4c2f636f067f89cc14862c\">\n\t\t\t\t\tP\u00e1tek 31. 3. 2023\n\n\n\n\nSt\u0159ede\u010dn\u00ed podve\u010der 29.b\u0159ezna 2023 pat\u0159il v kbelsk\u00e9 knihovn\u011b \u00fa\u010dastn\u00edk\u016fm ji\u017e 4. ro\u010dn\u00edku sout\u011b\u017ee amat\u00e9rsk\u00fdch fotograf\u016f. Slavnostn\u00ed program vernis\u00e1\u017ee doplnilo ocen\u011bn\u00ed nejlep\u0161\u00edch fotografi\u00ed, kter\u00e9 usp\u011bly ve dvou sout\u011b\u017en\u00edch kategori\u00edch. Porota m\u011bla op\u011bt velmi &#8230;\t\t\t\t<\/div>\n\t\t\t\t\t<\/div>\n\t<\/div>\n\t<div style=\"clear: both;\"><\/div>\n\t<\/a>\n<\/div>\n<div class=\"childpagescard_wrap\">\n\t<a style=\"text-decoration: none;\" href=\"https:\/\/knihovna.praha19.cz\/?page_id=839\">\n\t\t\t<figure class=\"childpagescard_img_blockc81e728d9d4c2f636f067f89cc14862c\">\n\t\t\t<img decoding=\"async\" style=\"border-radius: 5px; width: 99px; height: 90px;\" src=\"https:\/\/knihovna.praha19.cz\/wp-content\/uploads\/DSC03149_resize-150x136.jpg\" alt=\"Vernis\u00e1\u017e obraz\u016f \u2013 Petr Probst \u2013 ROZMANITOSTI - knihovna.praha19.cz\" \/>\n\t\t<\/figure>\n\t\t<div class=\"childpagescard_inner\">\n\t\t<div class=\"childpagescard_borderc81e728d9d4c2f636f067f89cc14862c\">\n\t\t\t<div class=\"childpagescard_titlec81e728d9d4c2f636f067f89cc14862c\">\n\t\t\t\tVernis\u00e1\u017e obraz\u016f \u2013 Petr Probst \u2013 ROZMANITOSTI &#8211; knihovna.praha19.cz\t\t\t<\/div>\n\t\t\t\t\t\t\t<div class=\"childpagescard_descriptionc81e728d9d4c2f636f067f89cc14862c\">\n\t\t\t\t\tVe st\u0159edu 1. 11. 2023, v podve\u010dern\u00edm \u010dase, prob\u011bhla v kbelsk\u00e9 knihovn\u011b vernis\u00e1\u017e mal\u00ed\u0159sk\u00e9 tvorby amat\u00e9rsk\u00e9ho autora pana Petra Probsta. Autor zde p\u0159edstavil tvorbu n\u011bkolika posledn\u00edch let, a sv\u00fdmi malebn\u00fdmi, poetick\u00fdmi a p\u0159ev\u00e1\u017en\u011b krajin\u00e1\u0159sk\u00fdmi motivy, kter\u00fdmi jsou jeho obrazy &#8230;\t\t\t\t<\/div>\n\t\t\t\t\t<\/div>\n\t<\/div>\n\t<div style=\"clear: both;\"><\/div>\n\t<\/a>\n<\/div>\n<div class=\"childpagescard_wrap\">\n\t<a style=\"text-decoration: none;\" href=\"https:\/\/knihovna.praha19.cz\/?page_id=967\">\n\t\t\t<figure class=\"childpagescard_img_blockc81e728d9d4c2f636f067f89cc14862c\">\n\t\t\t<img decoding=\"async\" style=\"border-radius: 5px; width: 64px; height: 90px;\" src=\"https:\/\/knihovna.praha19.cz\/wp-content\/uploads\/2023_Jina_krasa_004-106x150.jpg\" alt=\"V\u00fdstava fotografi\u00ed Jany \u010ces\u00e1kov\u00e9 Hyklov\u00e9 a Pavla Hykla \u201eJin\u00e1 kr\u00e1sa\u201c - knihovna.praha19.cz\" \/>\n\t\t<\/figure>\n\t\t<div class=\"childpagescard_inner\">\n\t\t<div class=\"childpagescard_borderc81e728d9d4c2f636f067f89cc14862c\">\n\t\t\t<div class=\"childpagescard_titlec81e728d9d4c2f636f067f89cc14862c\">\n\t\t\t\tV\u00fdstava fotografi\u00ed Jany \u010ces\u00e1kov\u00e9 Hyklov\u00e9 a Pavla Hykla \u201eJin\u00e1 kr\u00e1sa\u201c &#8211; knihovna.praha19.cz\t\t\t<\/div>\n\t\t\t\t\t\t\t<div class=\"childpagescard_descriptionc81e728d9d4c2f636f067f89cc14862c\">\n\t\t\t\t\tARSFOTO &#8211; PAVEL HYKLMotto: &quot;Nenech\u00e1vaj\u00ed m\u011b v klidu estetick\u00e9 kvality v\u0161edn\u00edch v\u011bc\u00ed \u2026&quot; Od klukovsk\u00fdch let je mi fotoapar\u00e1t partnerem, kter\u00fd mi pom\u00e1h\u00e1 tvo\u0159it obrazy jin\u00fdm zp\u016fsobem ne\u017e klasick\u00fdmi mal\u00ed\u0159sk\u00fdmi technikami. V 80 letech \u010dlenem fotoklubu p\u0159i OKD Krakov. Od listopadu 20&#8230;\t\t\t\t<\/div>\n\t\t\t\t\t<\/div>\n\t<\/div>\n\t<div style=\"clear: both;\"><\/div>\n\t<\/a>\n<\/div>\n","protected":false},"excerpt":{"rendered":"","protected":false},"author":1,"featured_media":340,"parent":0,"menu_order":0,"comment_status":"closed","ping_status":"closed","template":"","meta":{"_monsterinsights_skip_tracking":false,"_monsterinsights_sitenote_active":false,"_monsterinsights_sitenote_note":"","_monsterinsights_sitenote_category":0,"footnotes":""},"class_list":["post-2","page","type-page","status-publish","has-post-thumbnail","hentry"],"_links":{"self":[{"href":"https:\/\/knihovna.praha19.cz\/index.php?rest_route=\/wp\/v2\/pages\/2","targetHints":{"allow":["GET"]}}],"collection":[{"href":"https:\/\/knihovna.praha19.cz\/index.php?rest_route=\/wp\/v2\/pages"}],"about":[{"href":"https:\/\/knihovna.praha19.cz\/index.php?rest_route=\/wp\/v2\/types\/page"}],"author":[{"embeddable":true,"href":"https:\/\/knihovna.praha19.cz\/index.php?rest_route=\/wp\/v2\/users\/1"}],"replies":[{"embeddable":true,"href":"https:\/\/knihovna.praha19.cz\/index.php?rest_route=%2Fwp%2Fv2%2Fcomments&post=2"}],"version-history":[{"count":22,"href":"https:\/\/knihovna.praha19.cz\/index.php?rest_route=\/wp\/v2\/pages\/2\/revisions"}],"predecessor-version":[{"id":1286,"href":"https:\/\/knihovna.praha19.cz\/index.php?rest_route=\/wp\/v2\/pages\/2\/revisions\/1286"}],"wp:featuredmedia":[{"embeddable":true,"href":"https:\/\/knihovna.praha19.cz\/index.php?rest_route=\/wp\/v2\/media\/340"}],"wp:attachment":[{"href":"https:\/\/knihovna.praha19.cz\/index.php?rest_route=%2Fwp%2Fv2%2Fmedia&parent=2"}],"curies":[{"name":"wp","href":"https:\/\/api.w.org\/{rel}","templated":true}]}}

<hr class="wp-block-separator has-alpha-channel-opacity is-style-wide"/>


<style>
.childpagescard_img_blockc81e728d9d4c2f636f067f89cc14862c {
  float: right;
  padding: 10px;
}
.childpagescard_borderc81e728d9d4c2f636f067f89cc14862c {
  border-left: solid 5px #7db4e6;
  padding: 0.25em 0.25em;
  color: #494949;
  background: transparent;
}
.childpagescard_titlec81e728d9d4c2f636f067f89cc14862c {
  line-height: 120%;
  font-weight: bold;
  display: block;
}
.childpagescard_descriptionc81e728d9d4c2f636f067f89cc14862c {
  line-height: 120%;
  color: #333;
}
</style>
<div class="childpagescard_wrap">
	<a style="text-decoration: none;" href="https://knihovna.praha19.cz/?page_id=1273">
			<figure class="childpagescard_img_blockc81e728d9d4c2f636f067f89cc14862c">
			<img decoding="async" style="border-radius: 5px; width: 99px; height: 133px;" src="https://knihovna.praha19.cz/wp-content/uploads/IMGP8546.jpg" alt="Kouzelný den – Noc s Andersenem 2025! - knihovna.praha19.cz" />
		</figure>
		<div class="childpagescard_inner">
		<div class="childpagescard_borderc81e728d9d4c2f636f067f89cc14862c">
			<div class="childpagescard_titlec81e728d9d4c2f636f067f89cc14862c">
				Kouzelný den – Noc s Andersenem 2025! &#8211; knihovna.praha19.cz			</div>
							<div class="childpagescard_descriptionc81e728d9d4c2f636f067f89cc14862c">
					V pátek 28. 3. 2025 se brány kbelské základní a mateřské školy proměnily v kouzelný pohádkový svět, kdy téměř 140 dětí s napětím očekávalo, co jim přinese letošní, již 25. ročník akce – Noc s Andersenem.Děti se mohly těšit na bohatý program plný literárních zážitků a zábavnýc&#8230;				</div>
					</div>
	</div>
	<div style="clear: both;"></div>
	</a>
</div>
<div class="childpagescard_wrap">
	<a style="text-decoration: none;" href="https://knihovna.praha19.cz/?page_id=350">
			<figure class="childpagescard_img_blockc81e728d9d4c2f636f067f89cc14862c">
			<img decoding="async" style="border-radius: 5px; width: 99px; height: 99px;" src="https://knihovna.praha19.cz/wp-content/uploads/2023/01/326036995_893406621978657_6584244373281042475_n-150x150.jpg" alt="Cestopisná beseda s panem Ivanem Stárkem – „Od pólu k rovníku….“ - knihovna.praha19.cz" />
		</figure>
		<div class="childpagescard_inner">
		<div class="childpagescard_borderc81e728d9d4c2f636f067f89cc14862c">
			<div class="childpagescard_titlec81e728d9d4c2f636f067f89cc14862c">
				Cestopisná beseda s panem Ivanem Stárkem – „Od pólu k rovníku….“ &#8211; knihovna.praha19.cz			</div>
							<div class="childpagescard_descriptionc81e728d9d4c2f636f067f89cc14862c">
					Středa 18. 1. 2023




Nevšední vyprávění Ivana Stárka z jeho cest do netradičních koutů naší planety bylo v knihovně připraveno na středu 18. 1. 2023. Účastníkům besedy se naskytla výjimečná příležitost nechat se, prostřednictvím krásných fotografií a poutavého vyprávění, ne&#8230;				</div>
					</div>
	</div>
	<div style="clear: both;"></div>
	</a>
</div>
<div class="childpagescard_wrap">
	<a style="text-decoration: none;" href="https://knihovna.praha19.cz/?page_id=352">
			<figure class="childpagescard_img_blockc81e728d9d4c2f636f067f89cc14862c">
			<img decoding="async" style="border-radius: 5px; width: 99px; height: 99px;" src="https://knihovna.praha19.cz/wp-content/uploads/2023/03/2023_03_15_Kbely_14-scaled-100x100.jpg" alt="Týden uvědomění si mozku - knihovna.praha19.cz" />
		</figure>
		<div class="childpagescard_inner">
		<div class="childpagescard_borderc81e728d9d4c2f636f067f89cc14862c">
			<div class="childpagescard_titlec81e728d9d4c2f636f067f89cc14862c">
				Týden uvědomění si mozku &#8211; knihovna.praha19.cz			</div>
							<div class="childpagescard_descriptionc81e728d9d4c2f636f067f89cc14862c">
					Středa 15. 3. 2023




V rámci celosvětové akce „Týden uvědomění si mozku“ a Národního týdne trénování paměti uspořádala kbelská knihovna přednášku pro veřejnost, na které její účastníci měli možnost dozvědět se více o praktických technikách trénování paměti. Pod vedením odbo&#8230;				</div>
					</div>
	</div>
	<div style="clear: both;"></div>
	</a>
</div>
<div class="childpagescard_wrap">
	<a style="text-decoration: none;" href="https://knihovna.praha19.cz/?page_id=354">
			<figure class="childpagescard_img_blockc81e728d9d4c2f636f067f89cc14862c">
			<img decoding="async" style="border-radius: 5px; width: 99px; height: 99px;" src="https://knihovna.praha19.cz/wp-content/uploads/2023/04/2023_03_29_Kbely_2-100x100.jpg" alt="VERNISÁŽ 4. ROČNÍKU SOUTĚŽE AMATÉRSKÝCH FOTOGRAFŮ - knihovna.praha19.cz" />
		</figure>
		<div class="childpagescard_inner">
		<div class="childpagescard_borderc81e728d9d4c2f636f067f89cc14862c">
			<div class="childpagescard_titlec81e728d9d4c2f636f067f89cc14862c">
				VERNISÁŽ 4. ROČNÍKU SOUTĚŽE AMATÉRSKÝCH FOTOGRAFŮ &#8211; knihovna.praha19.cz			</div>
							<div class="childpagescard_descriptionc81e728d9d4c2f636f067f89cc14862c">
					Pátek 31. 3. 2023




Středeční podvečer 29.března 2023 patřil v kbelské knihovně účastníkům již 4. ročníku soutěže amatérských fotografů. Slavnostní program vernisáže doplnilo ocenění nejlepších fotografií, které uspěly ve dvou soutěžních kategoriích. Porota měla opět velmi &#8230;				</div>
					</div>
	</div>
	<div style="clear: both;"></div>
	</a>
</div>
<div class="childpagescard_wrap">
	<a style="text-decoration: none;" href="https://knihovna.praha19.cz/?page_id=839">
			<figure class="childpagescard_img_blockc81e728d9d4c2f636f067f89cc14862c">
			<img decoding="async" style="border-radius: 5px; width: 99px; height: 90px;" src="https://knihovna.praha19.cz/wp-content/uploads/DSC03149_resize-150x136.jpg" alt="Vernisáž obrazů – Petr Probst – ROZMANITOSTI - knihovna.praha19.cz" />
		</figure>
		<div class="childpagescard_inner">
		<div class="childpagescard_borderc81e728d9d4c2f636f067f89cc14862c">
			<div class="childpagescard_titlec81e728d9d4c2f636f067f89cc14862c">
				Vernisáž obrazů – Petr Probst – ROZMANITOSTI &#8211; knihovna.praha19.cz			</div>
							<div class="childpagescard_descriptionc81e728d9d4c2f636f067f89cc14862c">
					Ve středu 1. 11. 2023, v podvečerním čase, proběhla v kbelské knihovně vernisáž malířské tvorby amatérského autora pana Petra Probsta. Autor zde představil tvorbu několika posledních let, a svými malebnými, poetickými a převážně krajinářskými motivy, kterými jsou jeho obrazy &#8230;				</div>
					</div>
	</div>
	<div style="clear: both;"></div>
	</a>
</div>
<div class="childpagescard_wrap">
	<a style="text-decoration: none;" href="https://knihovna.praha19.cz/?page_id=967">
			<figure class="childpagescard_img_blockc81e728d9d4c2f636f067f89cc14862c">
			<img decoding="async" style="border-radius: 5px; width: 64px; height: 90px;" src="https://knihovna.praha19.cz/wp-content/uploads/2023_Jina_krasa_004-106x150.jpg" alt="Výstava fotografií Jany Česákové Hyklové a Pavla Hykla „Jiná krása“ - knihovna.praha19.cz" />
		</figure>
		<div class="childpagescard_inner">
		<div class="childpagescard_borderc81e728d9d4c2f636f067f89cc14862c">
			<div class="childpagescard_titlec81e728d9d4c2f636f067f89cc14862c">
				Výstava fotografií Jany Česákové Hyklové a Pavla Hykla „Jiná krása“ &#8211; knihovna.praha19.cz			</div>
							<div class="childpagescard_descriptionc81e728d9d4c2f636f067f89cc14862c">
					ARSFOTO &#8211; PAVEL HYKLMotto: &quot;Nenechávají mě v klidu estetické kvality všedních věcí …&quot; Od klukovských let je mi fotoaparát partnerem, který mi pomáhá tvořit obrazy jiným způsobem než klasickými malířskými technikami. V 80 letech členem fotoklubu při OKD Krakov. Od listopadu 20&#8230;				</div>
					</div>
	</div>
	<div style="clear: both;"></div>
	</a>
</div>
