{"id":967,"date":"2024-02-20T15:46:55","date_gmt":"2024-02-20T13:46:55","guid":{"rendered":"https:\/\/knihovna.praha19.cz\/?page_id=967"},"modified":"2024-02-20T15:48:27","modified_gmt":"2024-02-20T13:48:27","slug":"vystava-fotografii-jany-cesakove-hyklove-a-pavla-hykla-jina-krasa","status":"publish","type":"page","link":"https:\/\/knihovna.praha19.cz\/?page_id=967","title":{"rendered":"V\u00fdstava fotografi\u00ed Jany \u010ces\u00e1kov\u00e9 Hyklov\u00e9 a Pavla Hykla \u201eJin\u00e1 kr\u00e1sa\u201c"},"content":{"rendered":"\n<p><\/p>\n\n\n\n<p class=\"has-black-color has-text-color has-link-color has-medium-font-size wp-elements-c513080af60f0e5d860e6b0351fe6ec2\"><strong>ARSFOTO &#8211; PAVEL HYKL<\/strong><br>Motto: &#8222;Nenech\u00e1vaj\u00ed m\u011b v klidu estetick\u00e9 kvality v\u0161edn\u00edch v\u011bc\u00ed \u2026&#8220; Od klukovsk\u00fdch let je mi fotoapar\u00e1t partnerem, kter\u00fd mi pom\u00e1h\u00e1 tvo\u0159it obrazy jin\u00fdm zp\u016fsobem ne\u017e klasick\u00fdmi mal\u00ed\u0159sk\u00fdmi technikami. V 80 letech \u010dlenem fotoklubu p\u0159i OKD Krakov. Od listopadu 2018 \u010dlenem 1. \u010desk\u00e9ho klubu fotograf\u016f amat\u00e9r\u016f Nek\u00e1zanka. Na p\u0159elomu 80 a 90 let fotografick\u00e9 kurzy v M\u011bstsk\u00e9 knihovn\u011b a PF\u0160 dr. V\u00e1clava Vl\u00e1\u0161ka V rodn\u00e9 obci dokumentace r\u016fzn\u00fdch ud\u00e1lost\u00ed.<\/p>\n\n\n\n<p class=\"has-black-color has-text-color has-link-color has-medium-font-size wp-elements-9133457b627594b433955fddeb97ce97\"><strong>LEV\u00ddM OKEM &#8211; Jana \u010ces\u00e1kov\u00e1 Hyklov\u00e1<\/strong><br>Jsem fotografka na neust\u00e1l\u00e9 cest\u011b mezi profi a amat\u00e9r\u2026 Pro\u010d? Proto\u017ee nechci, aby m\u011b to p\u0159estalo bavit. Z\u00e1sadn\u00ed je pro m\u011b sv\u011btlo, minimum postproduk\u010dn\u00edch \u00faprav, souvislosti, p\u0159\u00edb\u011bh\u2026 a tak\u00e9 to, aby fotografie byla obrazem.<br>S fotografi\u00ed v r\u016fzn\u00fdch podob\u00e1ch se potk\u00e1v\u00e1m od narozen\u00ed. Nejd\u0159\u00edve s t\u00e1tou v temn\u00e9 komo\u0159e a p\u0159i jeho vym\u00fd\u0161len\u00ed \u00faloh do fotografick\u00e9 \u0161koly, kterou vystudoval. A n\u00e1sledn\u011b b\u011bhem studi\u00ed r\u016fzn\u00fdch v\u00fdtvarn\u00fdch obor\u016f. V\u017edy m\u011b pron\u00e1sledovala\u2026 a\u017e m\u011b dohnala do Nek\u00e1zanky.<\/p>\n\n\n\n<p class=\"has-black-color has-text-color has-link-color has-medium-font-size wp-elements-82fb970ade3f7489f21763dbea3cc7f0\">Fotografie Vladim\u00edra Blahn\u00edka z vernis\u00e1\u017ee v extern\u00ed fotogalerii na odkazu n\u00ed\u017ee<\/p>\n\n\n\n<p class=\"has-medium-font-size\"><a href=\"https:\/\/eu.zonerama.com\/VladaBlahnik\/Album\/10972545\">https:\/\/eu.zonerama.com\/VladaBlahnik\/Album\/10972545<\/a><\/p>\n","protected":false},"excerpt":{"rendered":"<p>ARSFOTO &#8211; PAVEL HYKLMotto: &#8222;Nenech\u00e1vaj\u00ed m\u011b v klidu estetick\u00e9 kvality v\u0161edn\u00edch v\u011bc\u00ed \u2026&#8220; Od klukovsk\u00fdch let je mi fotoapar\u00e1t partnerem, kter\u00fd mi pom\u00e1h\u00e1 tvo\u0159it obrazy jin\u00fdm zp\u016fsobem ne\u017e klasick\u00fdmi mal\u00ed\u0159sk\u00fdmi technikami. V 80 letech \u010dlenem fotoklubu p\u0159i OKD Krakov. Od listopadu 2018 \u010dlenem 1. \u010desk\u00e9ho klubu fotograf\u016f amat\u00e9r\u016f Nek\u00e1zanka. Na p\u0159elomu 80 a 90 let [&hellip;]<\/p>\n","protected":false},"author":2,"featured_media":875,"parent":2,"menu_order":5,"comment_status":"closed","ping_status":"closed","template":"","meta":{"_monsterinsights_skip_tracking":false,"_monsterinsights_sitenote_active":false,"_monsterinsights_sitenote_note":"","_monsterinsights_sitenote_category":0,"footnotes":""},"class_list":["post-967","page","type-page","status-publish","has-post-thumbnail","hentry"],"_links":{"self":[{"href":"https:\/\/knihovna.praha19.cz\/index.php?rest_route=\/wp\/v2\/pages\/967","targetHints":{"allow":["GET"]}}],"collection":[{"href":"https:\/\/knihovna.praha19.cz\/index.php?rest_route=\/wp\/v2\/pages"}],"about":[{"href":"https:\/\/knihovna.praha19.cz\/index.php?rest_route=\/wp\/v2\/types\/page"}],"author":[{"embeddable":true,"href":"https:\/\/knihovna.praha19.cz\/index.php?rest_route=\/wp\/v2\/users\/2"}],"replies":[{"embeddable":true,"href":"https:\/\/knihovna.praha19.cz\/index.php?rest_route=%2Fwp%2Fv2%2Fcomments&post=967"}],"version-history":[{"count":3,"href":"https:\/\/knihovna.praha19.cz\/index.php?rest_route=\/wp\/v2\/pages\/967\/revisions"}],"predecessor-version":[{"id":971,"href":"https:\/\/knihovna.praha19.cz\/index.php?rest_route=\/wp\/v2\/pages\/967\/revisions\/971"}],"up":[{"embeddable":true,"href":"https:\/\/knihovna.praha19.cz\/index.php?rest_route=\/wp\/v2\/pages\/2"}],"wp:featuredmedia":[{"embeddable":true,"href":"https:\/\/knihovna.praha19.cz\/index.php?rest_route=\/wp\/v2\/media\/875"}],"wp:attachment":[{"href":"https:\/\/knihovna.praha19.cz\/index.php?rest_route=%2Fwp%2Fv2%2Fmedia&parent=967"}],"curies":[{"name":"wp","href":"https:\/\/api.w.org\/{rel}","templated":true}]}}

Výstava fotografií Jany Česákové Hyklové a Pavla Hykla „Jiná krása“

<p></p>



<p class="has-black-color has-text-color has-link-color has-medium-font-size wp-elements-c513080af60f0e5d860e6b0351fe6ec2"><strong>ARSFOTO &#8211; PAVEL HYKL</strong><br>Motto: &#8222;Nenechávají mě v klidu estetické kvality všedních věcí …&#8220; Od klukovských let je mi fotoaparát partnerem, který mi pomáhá tvořit obrazy jiným způsobem než klasickými malířskými technikami. V 80 letech členem fotoklubu při OKD Krakov. Od listopadu 2018 členem 1. českého klubu fotografů amatérů Nekázanka. Na přelomu 80 a 90 let fotografické kurzy v Městské knihovně a PFŠ dr. Václava Vláška V rodné obci dokumentace různých událostí.</p>



<p class="has-black-color has-text-color has-link-color has-medium-font-size wp-elements-9133457b627594b433955fddeb97ce97"><strong>LEVÝM OKEM &#8211; Jana Česáková Hyklová</strong><br>Jsem fotografka na neustálé cestě mezi profi a amatér… Proč? Protože nechci, aby mě to přestalo bavit. Zásadní je pro mě světlo, minimum postprodukčních úprav, souvislosti, příběh… a také to, aby fotografie byla obrazem.<br>S fotografií v různých podobách se potkávám od narození. Nejdříve s tátou v temné komoře a při jeho vymýšlení úloh do fotografické školy, kterou vystudoval. A následně během studií různých výtvarných oborů. Vždy mě pronásledovala… až mě dohnala do Nekázanky.</p>



<p class="has-black-color has-text-color has-link-color has-medium-font-size wp-elements-82fb970ade3f7489f21763dbea3cc7f0">Fotografie Vladimíra Blahníka z vernisáže v externí fotogalerii na odkazu níže</p>



<p class="has-medium-font-size"><a href="https://eu.zonerama.com/VladaBlahnik/Album/10972545">https://eu.zonerama.com/VladaBlahnik/Album/10972545</a></p>

<p>ARSFOTO &#8211; PAVEL HYKLMotto: &#8222;Nenechávají mě v klidu estetické kvality všedních věcí …&#8220; Od klukovských let je mi fotoaparát partnerem, který mi pomáhá tvořit obrazy jiným způsobem než klasickými malířskými technikami. V 80 letech členem fotoklubu při OKD Krakov. Od listopadu 2018 členem 1. českého klubu fotografů amatérů Nekázanka. Na přelomu 80 a 90 let [&hellip;]</p>
